c + (8/4)/((-2)/(-4)). Suppose -27 = q + t*x - 739, -5*q + 4*x = -3473. Is q composite?
True
Suppose 5*u - 31969 = -4*i, 6*u - 38316 = -i + 4*i. Is u composite?
False
Let s be 2/(-4)*66/(-2 - 1). Suppose 0 = -4*l + s*l - 21. Suppose 0 = 5*p + 2*w - 1263, -2*p + l*w - 1262 = -7*p. Is p a prime number?
False
Let o(s) = -17*s - 27. Let b(m) be the second derivative of -m**4/12 + 13*m**3/6 - 7*m**2 + 11*m. Let w be b(13). Is o(w) a prime number?
True
Suppose -2*b = 4*g + 16, 12 = b - 0*g - 3*g. Let a be (8*(-3)/(-4))/(-1 + b). Let w(x) = x**2 + 10. Is w(a) prime?
False
Suppose -45385003 = -3146*y + 3123*y. Is y prime?
True
Let d(a) = -a**3 - 2*a**2 + 29*a - 5. Let j be d(-20). Let p = -2330 + j. Suppose -4*z - 3*t = -p, 2*z + 3*t = -t + 2150. Is z prime?
True
Let j(g) = 2*g**2 - 7*g - 2. Let i be j(4). Suppose i*a + 3*u = 5806, -2*u = -5*a + u + 14473. Is a prime?
True
Suppose a = 2*c - 672689, -4*c + 2164671 = 2*a + 819273. Is c a composite number?
True
Suppose 0 = -2*p - 5*i + 43401, -5*p = -4*p - 5*i - 21708. Suppose 57*l - 68*l = -p. Is l prime?
True
Suppose -33*t + 14068 = -35*t. Let l = 14865 + t. Is l a prime number?
False
Let j = 200990 + -106187. Is j a prime number?
False
Suppose -h = -0*h - 7. Let u be -4 + h - 2/2. Suppose -8*o + 3114 = -u*o. Is o a composite number?
True
Let s(w) = w**2 - 14*w - 15. Let h be s(15). Is 387 + -5 - (h - -3) a composite number?
False
Let y = 148 - 144. Suppose 0 = -0*s + y*s - 4028. Is s prime?
False
Suppose 0 = -18*z - 23*z + 820. Suppose z*v - 135849 = -v. Is v a composite number?
False
Let q = 57 - 93. Let b = 233 - q. Is b a composite number?
False
Let l = -605 + 950. Let s = 2330 + l. Suppose 2*v - s = 891. Is v prime?
True
Suppose 7373701 - 10518486 - 12054931 = -84*p. Is p a prime number?
True
Let b = -78279 - -35318. Let t = 64244 + b. Is t a prime number?
True
Suppose 2*y + 822626 = -11*y + 27*y. Is y composite?
True
Let a(n) = 50*n**2 - 1105*n + 164. Is a(-51) a composite number?
False
Suppose -8*n + 3944139 = -18*t + 21*t, 0 = -5*t - 2*n + 6573565. Is t a composite number?
True
Let l = 359 - 355. Is -7079*(l - 25/5) prime?
True
Let v(l) = l**2 - 10*l + 21. Let n be v(3). Is 13777 + n/(-4) + 1*-4 a prime number?
False
Suppose 21*w - 312 = 24. Is ((54159/(-12))/1)/((-4)/w) composite?
True
Suppose 0 = f + 1, -4*f = -d + 57 + 209. Suppose -15*a + 6547 = d. Is a composite?
False
Suppose 3*y = 2*a + 475645, 78*y - 77*y - 158552 = -3*a. Is y composite?
True
Suppose -3*d + 2 = -7. Suppose -d*u = 2*t - 4*t, 8 = 4*t - 2*u. Is 0 + (-3 + 6 - -85) + t prime?
False
Suppose -5*k + h = 3*h - 83, 65 = 4*k + 3*h. Let x(o) = -o**2 + 23*o - 41. Let z be x(k). Let j = 128 - z. Is j composite?
False
Suppose 7*j + 8 = 2*g + 3*j, -3*g - 2*j = -12. Suppose -g*c = -10761 - 5387. Is c a prime number?
False
Suppose -j - 4*w + 1101727 = 0, -109*w + 114*w = -30. Is j a composite number?
True
Suppose -4*d + 88 = -4*u, 0 = -2*u + u - 5*d - 22. Let t be u/8 + (-39)/(-52) - -1271. Is 2/13 + (-9)/(-39)*t a prime number?
True
Let f(t) = 279*t**2 + 38*t - 974. Is f(18) a prime number?
False
Let i be (0 + -1)*(0 + -9). Suppose i*n - 28006 = 4*n - 4*a, 4 = -4*a. Suppose -r - 3 = 0, n = g + g + 4*r. Is g a prime number?
False
Let j be (12/(-10))/((-12)/30). Suppose -3*y + 5676 = -j*f, 3*f - 1574 - 2195 = -2*y. Is y a composite number?
False
Let h(u) = 49273*u - 1923. Is h(4) a prime number?
False
Let u(f) be the second derivative of 13*f**4/12 + 11*f**3/6 - 7*f**2/2 - f - 83. Is u(13) composite?
False
Let z be ((-26)/5)/(-4 - (-116295)/29075). Suppose -z - 19100 = -18*v. Is v composite?
False
Let k = -238 - -243. Suppose m = 5*x + 4836, -k*x - 19329 = 2*m - 6*m. Is m a prime number?
True
Let d(k) = 5*k**3 - 143*k**2 + 42*k + 117. Is d(35) a composite number?
False
Let l(q) = 388*q**2 - 1608*q - 39. Is l(20) prime?
True
Let p(u) = -39 - 2*u + 0*u + 3*u + 0*u. Let f be p(19). Is ((-115)/f)/((-1)/(-4)) a prime number?
True
Suppose 274*w = 287*w - 281255. Is w composite?
True
Let w be (-8 + 5)*(2 - -1). Let f = -4 - w. Is 1087*f/(-2)*(-2)/5 a composite number?
False
Suppose 3*f - 5*m = 27, -f - 7*m + 9 = -12*m. Suppose -642 = -f*b + 429. Is b a prime number?
False
Let j(a) = -9919*a + 414. Is j(-7) composite?
False
Let x(z) = 23*z + 36. Suppose 5*m + 24 + 1 = 0. Let t be 45/(-75) - 68/m. Is x(t) composite?
True
Suppose -5*l - f - 1448 = -2*l, 1451 = -3*l + 2*f. Suppose -12388 + 1020 = 14*i. Let h = l - i. Is h a composite number?
True
Suppose -z + 282 = 5*l - 212, -2*l + 180 = -4*z. Let j = 209 - l. Is j prime?
False
Let c = 744299 - 361380. Is c composite?
False
Let w(r) = -85*r**2 - 4*r - 1. Let q be w(6). Suppose 0 = u - 3*z + 5238, -2*z + 7*z = -u - 5238. Let x = q - u. Is x prime?
True
Let q be (-10361)/(((-3)/15)/((-3)/15)). Let s = q + 32524. Is s a prime number?
False
Is 5/(-90)*-66446 - (-24)/(-54) composite?
False
Suppose 606489 = 2*w - 398*h + 395*h, -3*h = 3. Is w a prime number?
False
Let h = 109 + -97. Suppose -h*b = -13*b + 331. Is b a composite number?
False
Let p be 2/(445/222 + -2). Suppose 4*v + 8*j = 3*j - 441, 0 = 4*v + 4*j + p. Is (4/4)/(1*(-2)/v) composite?
True
Suppose 2*h - 2*y = 7*h - 1627111, -h - 5*y + 325413 = 0. Is h composite?
True
Let i be (9/(-4))/((-9474)/1896 + 5). Let z = i + 3320. Is z prime?
True
Let w(t) = 25*t**3 - 3*t**2 + t + 8. Let h(i) = 99*i**3 - 13*i**2 + 6*i + 33. Let o(v) = -2*h(v) + 9*w(v). Is o(7) composite?
True
Is -2*((-8238)/12 - 0) a composite number?
False
Let w(p) = -p**3 + p**2 + 17*p + 179369. Is w(0) prime?
True
Suppose -5*o = -8*o. Suppose -7*s + 13437 = -2*s + 3*g, 3*s + 5*g - 8075 = 0. Suppose -9*q + s - 48 = o. Is q prime?
True
Is (-4*(-594908)/96)/(57/342) a composite number?
False
Let a(c) = -4*c - 523. Let g(o) = 2*o + 261. Let b(s) = -6*a(s) - 11*g(s). Suppose -4*w = -2*r - 2, -2*w = -w + r + 1. Is b(w) a composite number?
True
Let h(p) = 199*p**3 - 12*p**2 - 18*p + 47. Is h(6) composite?
False
Let a(u) = 2*u + 8. Let l be a(-6). Let x be ((-6)/3)/(l + -2 + 5). Suppose 7*c - x*c - 3*v = 6347, 0 = -5*c + 4*v + 6351. Is c prime?
False
Is -11 - (-10 + -30608 + 2) composite?
True
Suppose 3*u - 5*a - 259365 = 0, -33*u + 31*u + 5*a = -172910. Is u a composite number?
True
Let g(x) = -30*x - 151. Let i be g(-5). Let c(s) = -11336*s**3 - 2*s**2 + 7*s + 8. Is c(i) prime?
False
Let l(k) = 15936*k**2 + 16*k + 179. Is l(9) a composite number?
False
Let x(l) = 36*l**2 - 4*l - 7. Let y be x(-4). Let b = y - 334. Is b prime?
True
Let y(r) = r**3 - 8*r**2 + r - 32. Let x be y(10). Suppose h + x = -136. Is 2/4 - h/4 a composite number?
False
Suppose -z + 118259 = -3*b, 5*z - 499*b + 494*b = 591225. Is z composite?
True
Suppose 5*t = -6 + 11, 5*m + 3*t + 247 = 0. Is (-2)/(-5) + ((-373680)/m - -3) prime?
True
Suppose 4*o = -z + 4*z - 13794, z + o = 4605. Suppose -3*d + 3 = 3*x, -2*x = -2*d + 6 - 4. Suppose 7*b + 115 - z = x. Is b composite?
False
Is 3 - 2480/(-24)*249 a composite number?
False
Suppose 225*j - 209*j - 3368432 = 0. Is j a prime number?
True
Suppose -10*a + 157 = 7. Let k be (-6)/a + 110/25. Suppose -5*f = k*q - 2055, 2*q = -f - 0*f + 411. Is f composite?
True
Suppose 0 = -18*s - 49*s + 8067671. Is s a composite number?
False
Suppose 4*t + 1070 = 3*r - 988, -4*r + 5*t + 2743 = 0. Suppose -15*f + 13*f + r = 0. Suppose 3*o = -b + f, 3*o = b - 435 + 94. Is b composite?
True
Suppose 9*v = 7*v - 2*v + 60052. Is v a prime number?
True
Suppose f = -2 + 16. Suppose -12*c - 8 = -f*c. Suppose -c*g = 4*k - 76, -22 = -3*k - 5*g + 43. Is k a composite number?
True
Is 185571 + (-8 - -48)/4 composite?
True
Let p(a) be the second derivative of 7*a - 1/2*a**2 + 0 + 19*a**3. Is p(7) prime?
True
Let n be 4 - 5 - (2 - 0). Suppose -2*l - 7 = 29. Is l/(-12)*(-334)/n a prime number?
True
Let n(x) = 7120*x**2 - 2*x - 1. Suppose 4*f = -4*s + 8, 3*s - f - f - 1 = 0. Is n(s) a prime number?
False
Suppose 0 = 8*l + 268 - 4. Is (-16)/(-6) - 11/l - -886 prime?
False
Let g be -3*(-10 + 6)*-4. Is ((-955)/4)/(12/g) prime?
False
Let f = 574 - 298. Let s(l) = -23*l**3 - 10*l**2 - 2*l - 6. Let j be s(-3). Suppose 3*b - j - f = 0. Is b prime?
True
Suppose 0*q - 28 = -7*q. Let n(x) = -x**3 + 5*x**2 - 4*x - 2. Let j be n(q). Is (j/4)/(3/(-2778)) prime?
True
Let c(j) be the third derivative of 0*j + 21/20*j**6 